*w. What is the highest common factor of w and 10?
10
Suppose 3*l = 5*l - 252. Suppose -4*g - 3*w = -625, -3*g - 4*w + 348 = -l. Suppose 26764*i - 26676*i - 1232 = 0. What is the highest common divisor of i and g?
14
Let s be (-12)/6 - (-6 + -2). Let i be ((-72)/(-60))/((s/(-35))/(-3)). Calculate the highest common factor of 14 and i.
7
Let n = 3 - 2. Let i = 41097 - 40969. What is the greatest common factor of i and n?
1
Suppose -2*n + 98 = -t, 3*t + 168 + 77 = 5*n. Suppose -2*v - 32 = -2*r, 4*r + 5 = -v + n. Suppose 22 - 10 = z. Calculate the highest common factor of z and r.
12
Suppose -m + 8 + 4 = 0. Let r be 24722/517 - ((-3)/(-44) - (-1)/(-4)). What is the highest common factor of r and m?
12
Suppose 86*u = 90*u + 5*j - 43, -4*u + 5*j + 13 = 0. Calculate the greatest common divisor of 4627 and u.
7
Let g = -221 + 397. Let r be (4*5/(-40))/(-1*(-1)/(-22)). What is the greatest common factor of r and g?
11
Suppose -8*o = -10*o + 148. Let b = o + -64. Suppose -4*h = -2*k + 982, 2*h + 3*h - b = 0. What is the highest common factor of 45 and k?
45
Suppose 6*z - 2*a = 4*z + 11428, -4*z - 5*a = -22937. Calculate the greatest common factor of z and 59.
59
Let q be (-3 + 33)*(-88)/(-20). Let b = 48 + -11. Suppose -5*m - b = -97. What is the highest common divisor of q and m?
12
Let y be 420/(-24)*2*36/(-30). Suppose -b + 4*b - 50 = -4*a, -5*a = 2*b - 38. Calculate the highest common factor of b and y.
14
Suppose -68*x + 2226 - 1206 = 0. Calculate the highest common factor of x and 2535.
15
Let b be ((2 + -2)/1)/1. Suppose 91*g - 38*g - 98686 = b. What is the highest common divisor of g and 98?
98
Let l be (-1104)/(-10) - (-34)/(-85). Suppose -11*s = 4*s - 2475. What is the highest common factor of l and s?
55
Let q be 2 + 0 + -2 - -84. Let c(n) = 6*n**2 + 9*n + 15. Let f be c(5). What is the highest common factor of f and q?
42
Let v be (2 - (-1)/(10/(-205)))*18. Let u = -264 - v. Calculate the highest common divisor of 92 and u.
23
Suppose 0 = 27*z - 26*z + 3*i + 9, -43 = 3*z + i. Let c be z/(1080/16) - (-182)/9. What is the greatest common factor of c and 50?
10
Let n = 142 - 30. Suppose 5*d = -2*z - 2*z + n, 5*z = 15. Suppose 18 = 2*i + m, 9*m - 31 = -3*i + 7*m. What is the highest common factor of d and i?
5
Let w be -4 + 12 - ((-3)/(-8) + (-274626)/176). Calculate the greatest common divisor of w and 343.
49
Let z = 8172 + -8000. What is the greatest common factor of 1290 and z?
86
Let y(a) = 3*a**2 + 17*a - 12. Let s = 462 + -469. Let x be y(s). What is the highest common divisor of x and 12?
4
Let c(o) = -3*o + 8. Let y be c(3). Let b be (198/(-27))/(2/18*y). Calculate the highest common factor of b and 6.
6
Let m(h) = -28*h**2 + 2996*h - 52. Let d be m(106). Calculate the highest common factor of 60 and d.
12
Let v(p) = -49 + 24*p + 7*p**2 - p - 11. Let o be v(4). Calculate the greatest common divisor of 252 and o.
36
Let q(t) = -t**3 - 10*t**2 + 2*t - 13. Let k be q(-11). Let j = k + -54. Let m = 52 - j. What is the highest common factor of 20 and m?
20
Suppose 2*g = 67 + 79. Let m = g - 141. Let c = -60 - m. What is the highest common factor of c and 16?
8
Let r(s) = s**2 - 18*s + 5340. Let i be r(63). Calculate the highest common divisor of i and 218.
109
Suppose 4*s + 3*h - 46 = 0, 3*s = -2*h - 2*h + 38. Suppose -2589 = -107*w + 86. Calculate the highest common divisor of s and w.
5
Let b = 86 + -60. Suppose -p + b = p. Suppose -2*z = -p + 5. Calculate the greatest common divisor of z and 36.
4
Let q be 1118 + -4*(8 - 7) + -6. What is the highest common factor of q and 5263?
277
Let p = -16 - -18. Suppose -p - 110 = 8*n. Let y be ((-4)/n + (-36)/(-21))/2. What is the highest common factor of 11 and y?
1
Suppose -5*j + g = -5865, -4*j + 5*g + 3671 = -1021. Let v(q) = q**3 + 4*q**2 - 7*q - 5. Let l be v(-2). What is the greatest common divisor of j and l?
17
Suppose w + 5 = 0, -2*a = -a + 3*w - 60. Suppose 24*q - 3*u - 1776 = 15*q, -5*q - 5*u + 940 = 0. What is the highest common factor of q and a?
15
Let g(o) = 2*o**3 + 4*o**2 - 25*o + 14. Let u be g(4). Let i = u - 64. Calculate the greatest common factor of 98 and i.
14
Let k(w) = -104 + 48 - 264 - 23*w - 27 - 1. Let p be k(-34). Calculate the highest common divisor of 186 and p.
62
Let k(s) = 2*s**2 - 25*s + 70. Let g be k(10). Suppose -4*i + 5*h = -61, -i - 1 = -g*h + 22*h. Calculate the greatest common factor of 6 and i.
3
Suppose -127*p + 334238 = -237444 - 544267. What is the greatest common factor of p and 87?
87
Let a be 1/(4/(-104)*2*-1). Suppose -h - a*u + 50 = -11*u, -h + 44 = -4*u. What is the highest common divisor of h and 136?
8
Suppose 16*m - 4*l - 1046 = 11*m, -5*m = l - 1051. Calculate the greatest common divisor of m and 1540.
70
Suppose 0 = -22*h - 14*h + 396396. Calculate the greatest common factor of h and 22.
11
Let d = -323 + -69. Let t = 436 + d. What is the greatest common factor of t and 11?
11
Let r(q) = -q**3 - 8*q**2 + 44*q + 17. Let u be r(-12). What is the greatest common factor of u and 2041?
13
Let d be (-111096)/(-50) - (12/105)/(330/(-231)). What is the highest common factor of 44 and d?
22
Suppose 5*r - 60 = -0*r. Suppose 2*y = -4*j - 482, -y + 2*y + 359 = -3*j. Let q = j - -136. What is the highest common factor of r and q?
6
Let v(u) = -u**2 + 2*u + 53. Let f be v(-6). Suppose 3*m - 12 = 0, f*m = 6*s - 8*s + 532. Calculate the highest common factor of 96 and s.
32
Let h be (21/((-231)/(-44)))/(-2 + 4). Suppose h*i + 11*k - 24 = 12*k, 2*i - 16 = -3*k. Calculate the highest common divisor of 407 and i.
11
Let g be 6/4 - 259/(-14). Let a be ((-1)/(-4))/1*(-15 - -23). Let i be (-438)/(-2) - a/(-3 + 1). What is the greatest common factor of g and i?
20
Suppose 3 + 1 = 2*u. Let k(y) = 3*y - 140*y**2 + 3 - 136*y**2 + 285*y**2. Let f be k(u). What is the greatest common divisor of f and 9?
9
Suppose -5*j + 35 = 0, -5*s + 4*j = 3*j - 3833. Calculate the highest common divisor of 12480 and s.
192
Let z be (-3)/((171/54)/(-19)). Calculate the highest common factor of 2151 and z.
9
Suppose 17*w - 8*w = 225. Suppose 16*m = w*m - 126. Calculate the highest common factor of 28 and m.
14
Suppose -20*x = -51418 - 48302. What is the greatest common divisor of 9 and x?
9
Let q(x) = -15*x**3 + 8*x**2 + 34*x + 121. Let o be q(-6). Calculate the greatest common factor of 65 and o.
65
Suppose -47*j - 838 = -2483. Let s(t) = 2*t**2 - 3*t + 5. Let c be s(5). What is the highest common divisor of c and j?
5
Suppose -10*g + 3219 + 9531 = 0. Calculate the greatest common factor of 51 and g.
51
Let w be -61*((74 - 295) + (-3 - 1)). Calculate the greatest common factor of 675 and w.
225
Let g be -25 - 1254/(-44) - 134/(-4). What is the greatest common factor of 1961 and g?
37
Let x(t) = 10*t + 17. Let z(y) = y**3 - 4*y**2 - 21*y + 10. Let f be z(7). Let l be x(f). Calculate the greatest common divisor of l and 195.
39
Let h be 1 - (-6123)/15 - 72/(-90). Let b = -293 + h. What is the highest common divisor of 195 and b?
39
Let d be (-170)/(-4) - (21/6)/7. Suppose -4*c + 46 + 18 = -4*i, 4*i = 2*c - d. Suppose 495 = -0*l + 5*l. Calculate the greatest common factor of c and l.
11
Suppose -122 + 34 = -3*g + 5*c, 110 = 5*g - c. Let p be -2*(27 + -5 + 2). Let y = p + 55. What is the greatest common divisor of y and g?
7
Suppose 10*f - 55 = 85. Let b = 411 - 320. Calculate the highest common divisor of b and f.
7
Suppose -d - g = 0, 6*d = 11*d + 3*g + 2. Let s be (d + 3)*5 + -17 + 11. Calculate the highest common factor of s and 100.
4
Let q be 34/(-3)*24/(-2). Suppose -3*p - 41 - 10 = -3*b, 4*b - 68 = -2*p. Calculate the greatest common factor of q and b.
17
Let z be 4/(-18) - 4709/153. Let s(b) = b**3 + 32*b**2 + 31*b + 81. Let r be s(z). What is the highest common factor of r and 648?
81
Let h be (9480/(-1975))/((-1)/35). Calculate the highest common factor of h and 1827.
21
Let g be ((-112)/(-20))/((-259)/(-5550)). What is the greatest common divisor of 1720 and g?
40
Suppose 0 = -12*t + 143 + 121. Suppose -34*c = -32*c - t. Suppose c*z + 192 = 13*z. Calculate the greatest common divisor of z and 36.
12
Let h(b) = 25*b**3 + 2*b - 1. Let n be h(1). Suppose 35 + 160 = 102*k - 87*k. Calculate the highest common divisor of n and k.
13
Suppose -13*b + 659 = -8*b - 2*o, 671 = 5*b 